{"id":102,"date":"2016-05-24T19:51:24","date_gmt":"2016-05-24T17:51:24","guid":{"rendered":"https:\/\/efweha-verlag.de\/wordpress\/?page_id=102"},"modified":"2025-11-20T02:47:28","modified_gmt":"2025-11-20T00:47:28","slug":"bd-03-dsgvo-synopse-mit-gegenueberstellung-der-artikel-und-erwaegungsgruende-sowie-vergleichbarer-bdsg-regelungen","status":"publish","type":"page","link":"https:\/\/efweha-verlag.de\/wordpress\/verlagsprogramm\/datenschutzwissen-praxiserpobt-fuer-unternehmen-gewerbetreibende-selbstaendige\/bd-03-dsgvo-synopse-mit-gegenueberstellung-der-artikel-und-erwaegungsgruende-sowie-vergleichbarer-bdsg-regelungen\/","title":{"rendered":"Bd. 03 &#8211; DSGVO: Synopse mit Gegen\u00fcberstellung der Artikel und Erw\u00e4gungsgr\u00fcnde sowie vergleichbarer Regelungen des bis 24. Mai 2018 g\u00fcltigem Bundesdatenschutzgesetz (BDSG-alt)"},"content":{"rendered":"<p><a href=\"http:\/\/efweha-verlag.de\/autor_innen\/werner-huelsmann-datenschutzsachverstaendiger\/\">Werner H\u00fclsmann<\/a>, Datenschutzsachverst\u00e4ndiger:<\/p>\n<h2>Die Europ\u00e4ische Datenschutzgrundverordnung &#8211; DSGVO<\/h2>\n<h3>Eine Synopse der Artikel und der Erw\u00e4gungsgr\u00fcnde der DGSVO mit den vergleichbaren Regelungen des <strong>alten bis zum 24. Mai 2018<\/strong> geltenden Bundesdatenschutzgesetz (BDSG-alt)<\/h3>\n<div id=\"attachment_116\" style=\"width: 160px\" class=\"wp-caption alignright\"><img loading=\"lazy\" decoding=\"async\" aria-describedby=\"caption-attachment-116\" class=\"size-thumbnail wp-image-116\" src=\"https:\/\/efweha-verlag.de\/wordpress\/wp-content\/uploads\/2016\/05\/bd_03-umschlag-dsgvo-synopse-art-ewg-bdsg-150x105.png\" alt=\"Band 03: DSGVO-Synopse, Art., Erw\u00e4gungsgr\u00fcnde, \u00a7\u00a7 des BDSG\" width=\"150\" height=\"105\" \/><p id=\"caption-attachment-116\" class=\"wp-caption-text\">Band 03: DSGVO-Synopse, Art., Erw\u00e4gungsgr\u00fcnde, \u00a7\u00a7 des BDSG-alt<\/p><\/div>\n<p>In dieser Synopse der ab 25. Mai 2018 geltenden Datenschutzgrundverordnung (DSGVO) sind zu den Artikeln der DSGVO soweit wie m\u00f6glich die korrespondierenden Erw\u00e4gungsgr\u00fcnde der DSGVO und die vergleichbaren Regelungen aus dem bis zum 24. Mai 2018 geltenden alten Bundesdatenschutzgesetz (BDSG-alt) gegen\u00fcbergestellt. Weiterhin wurde ein nichtamtliches) Inhaltsverzeichnis eingef\u00fcgt. Damit ist diese Synopse ein wichtiges Hilfsmittel f\u00fcr die Arbeit mit der DSGVO.<\/p>\n<p><strong>HINWEIS:<\/strong> Die <strong><a href=\"https:\/\/dsgvo.expert\/newsletter\/bisher-erschienene-newsletter\/?email_id=15\" target=\"_blank\" rel=\"noopener\">Korrekturen<\/a>,<\/strong> die die DSGVO bislang erhalten hat, sind hier <strong>nicht<\/strong> eingearbeitet und werden auch nicht mehr eingearbeitet. Daher empfehle ich auf die <strong>kostenlosen druckbaren eBooks <a href=\"https:\/\/efweha-verlag.de\/BD_02\">Band 02<\/a><\/strong> (nur DSGVO-Artikel und Erw\u00e4gungsgr\u00fcnde) bzw. <strong><a href=\"https:\/\/efweha-verlag.de\/wordpress\/verlagsprogramm\/datenschutzwissen-praxiserpobt-fuer-unternehmen-gewerbetreibende-selbstaendige\/bd-4-1-dsgvo-synopse-mit-gegenueberstellung-der-artikel-und-erwaegungsgruende-sowie-entsprechenden-regelungen-des-neuen-bdsg\/\">Band 41<\/a><\/strong> (DSGVO-Artikel und Erw\u00e4gungsgr\u00fcnde sowie \u00a7\u00a7 des BDSG-neu) auszuweichen.<\/p>\n<p><em>1. Auflage 2016, eBook (druckbare PDF-Datei)<br \/>\nISBN 978-3-95546-003-7, 176 Seiten, DIN A4, Querformat, 4,90 \u20ac<\/em><\/p>\n<h2>Bestellm\u00f6glichkeiten<\/h2>\n<p>Bei den <strong>Bestellm\u00f6glichkeiten<\/strong> f\u00fcr dieses\u00a0 eBook gibt es zwei verschiedene Variationen, eine f\u00fcr VerbraucherInnen im Sinne des <a href=\"https:\/\/efweha-verlag.de\/wordpress\/impressum\/\"><img loading=\"lazy\" decoding=\"async\" class=\"alignnone size-full wp-image-74\" src=\"https:\/\/efweha-verlag.de\/wordpress\/wp-content\/uploads\/2016\/05\/efweha-verlag-externer-link.gif\" alt=\"efweha-verlag-externer-link\" width=\"15\" height=\"12\" \/><\/a><a href=\"http:\/\/www.gesetze-im-internet.de\/bgb\/__13.html\" target=\"_blank\" rel=\"noopener noreferrer\">\u00a7 13 BGB<\/a> (siehe weiter unten) und eine f\u00fcr sonstige MarktteilnehmerInnen.<span id=\"more-1889\"><\/span><\/p>\n<h3><strong>Bestellm\u00f6glichkeit f\u00fcr sonstige MarktteilnehmerInnen<\/strong><\/h3>\n<p>(das sind juristische Personen sowie nat\u00fcrliche Personen, die dieses eBook zu Zwecken bestellen, die \u00fcberwiegend ihrer gewerblichen und\/oder ihrer selbst\u00e4ndigen beruflichen T\u00e4tigkeit zugerechnet werden k\u00f6nnen). Sie k\u00f6nnen\u00a0 das eBook einfach per Vorab\u00fcberweisung des Betrags in H\u00f6he von 4,90\u00a0\u20ac auf das Konto<\/p>\n<p style=\"text-align: center;\"><strong>Werner H\u00fclsmann &#8211; Triodos-Bank<\/strong><br \/>\n<strong>IBAN: DE51 5003 1000 1059 2770 02 \u2013 BIC: TRODDEF1<\/strong><\/p>\n<p>bestellen, bitte geben Sie hierzu den folgenden Verwendungszweck an:<\/p>\n<p><strong>Verwendungszweck:<\/strong><\/p>\n<ul>\n<li>\u201eBD 03 \u2013 DSGVO-Synopse Art.+Erw.+BDSG\u201c<\/li>\n<li><strong>Firmenname<\/strong>, auf den die Rechnung ausgestellt werden soll<\/li>\n<li>Ihre <strong>E-Mail-Adresse<\/strong>, an die das E-Book und die Rechnung versandt wird (das \u201e@\u201c-Zeichen bei Bedarf durch \u201e-at-\u201c ersetzen. Bitte achten Sie auf die korrekte Angabe Ihrer E-Mail-Adresse!<\/li>\n<li>Anschrift (freiwillige Angabe, bitte nur dann angeben, wenn die Anschrift auf die Rechnung \u00fcbernommen werden soll)<\/li>\n<\/ul>\n<p>Sollte eine \u00dcberweisung ohne vorhergehende Zusendung einer Vorausrechnung nicht m\u00f6glich sein, so k\u00f6nnen Sie das eBook auch per <a href=\"mailto:bestellung@efweha-verlag.de?subject=Bestellung%20Bd.%2003%20DSGVO-Synopse-Artikel-EWG-BDSG&amp;body=Hiermit%20bestelle%20ich%20verbindlich%20per%20%20Vorausrechnung%20ein%20Exemplar%20des%20Buches%20Die%20Europaeische%20%20Datenschutzgrundverordnung%20-%20DSGVO-Synopse%20Artikel,%20Erwaegungsgruende%20%20und%20BDSG-Regelungen,%20ISBN:%20978-3-95546-003-7,%20zum%20Preis%20von%20%204,90%20EUR%20inkl.%20MWSt.%20und%20elektronischem%20Versand%20im%20Inland.\">E-Mail<\/a> bestellen. Sie erhalten dann eine Vorausrechnung per E-Mail und nach Zahlungseingang das eBook ebenfalls per E-Mail.<\/p>\n<h3><strong>Bestellm\u00f6glichkeit f\u00fcr VerbraucherInnen:<\/strong><\/h3>\n<p>Sie k\u00f6nnen\u00a0 das eBook per Vorab\u00fcberweisung des Betrags in H\u00f6he von 4,90\u00a0\u20ac auf das Konto<\/p>\n<p style=\"text-align: center;\"><strong>Werner H\u00fclsmann &#8211; Triodos-Bank<\/strong><br \/>\n<strong>IBAN: DE51 5003 1000 1059 2770 02 \u2013 BIC: TRODDEF1<\/strong><\/p>\n<p>bestellen, bitte geben Sie hierzu den folgenden Verwendungszweck an:<\/p>\n<p><strong>Verwendungszweck:<\/strong><\/p>\n<ul>\n<li>\u201eBD 03 \u2013 DSGVO-Synopse Art.+Erw.+BDSG\u201c<\/li>\n<li><strong>Name<\/strong>, auf den die Rechnung ausgestellt werden soll<\/li>\n<li>Ihre <strong>E-Mail-Adresse<\/strong>, an die das E-Book und die Rechnung versandt wird (das \u201e@\u201c-Zeichen bei Bedarf durch \u201e-at-\u201c ersetzen. Bitte achten Sie auf die korrekte Angabe Ihrer E-Mail-Adresse!<\/li>\n<li>Anschrift (freiwillige Angabe, bitte nur dann angeben, wenn die Anschrift auf die Rechnung \u00fcbernommen werden soll)<\/li>\n<\/ul>\n<p>Die <a href=\"https:\/\/efweha-verlag.de\/agb\/\"><strong>Widerrufsbelehrung<\/strong><\/a> finden Sie auf der <a href=\"https:\/\/efweha-verlag.de\/agb\/\">Seite mit den AGB<\/a>. Gem\u00e4\u00df <a href=\"https:\/\/efweha-verlag.de\/wordpress\/impressum\/\"><img loading=\"lazy\" decoding=\"async\" class=\"alignnone size-full wp-image-74\" src=\"https:\/\/efweha-verlag.de\/wordpress\/wp-content\/uploads\/2016\/05\/efweha-verlag-externer-link.gif\" alt=\"efweha-verlag-externer-link\" width=\"15\" height=\"12\" \/><\/a><a href=\"http:\/\/dejure.org\/gesetze\/BGB\/356.html\" target=\"_blank\" rel=\"noopener noreferrer\">\u00a7 356\u00a0 Abs. 2, Ziff. 2 BGB<\/a> gilt die gesetzliche Widerrufsfrist von 14 Tagen \u201ebei einem Vertrag, der (\u2026) die Lieferung von nicht auf einem k\u00f6rperlichen Datentr\u00e4ger befindlichen digitalen Inhalten zum Gegenstand hat, mit Vertragsschluss\u201c. Dies gilt also auch f\u00fcr die Zusendung von eBooks per E-mail. Da Sie sich bereits mit der <a href=\"https:\/\/efweha-verlag.de\/wordpress\/impressum\/\"><img loading=\"lazy\" decoding=\"async\" class=\"alignnone size-full wp-image-74\" src=\"https:\/\/efweha-verlag.de\/wordpress\/wp-content\/uploads\/2016\/05\/efweha-verlag-externer-link.gif\" alt=\"efweha-verlag-externer-link\" width=\"15\" height=\"12\" \/><\/a><a href=\"https:\/\/dsgvo.expert\/wp\/wp-content\/uploads\/2016\/06\/DSGVO-Synopse-Artikel-EWG-BDSG.pdf\" target=\"_blank\" rel=\"noopener noreferrer\">kostenlosen (nichtdruckbaren) Variante<\/a> \u00fcber den Inhalt des druckbaren eBooks informieren k\u00f6nnen, <em>behalte ich mir bei Bestellungen von VerbraucherInnen vor, das eBook erst nach Ablauf der 14-t\u00e4gigen Widerrufsfrist zuzusenden.<\/em> Wenn Sie als VerbraucherIn allerdings gem\u00e4\u00df\u00a0 <a href=\"https:\/\/efweha-verlag.de\/wordpress\/impressum\/\"><img loading=\"lazy\" decoding=\"async\" class=\"alignnone size-full wp-image-74\" src=\"https:\/\/efweha-verlag.de\/wordpress\/wp-content\/uploads\/2016\/05\/efweha-verlag-externer-link.gif\" alt=\"efweha-verlag-externer-link\" width=\"15\" height=\"12\" \/><\/a><a href=\"http:\/\/dejure.org\/gesetze\/BGB\/356.html\" target=\"_blank\" rel=\"noopener noreferrer\">\u00a7 356\u00a0 Abs. 5 BGB<\/a><\/p>\n<ol>\n<li>ausdr\u00fccklich zugestimmen, dass ich mit der Ausf\u00fchrung des Vertrags (also die Zusendung des eBooks) vor Ablauf der Widerrufsfrist beginne, und<\/li>\n<li>Sie best\u00e4tigen, dass Sie Kenntnis davon haben, dass Sie durch Ihre Zustimmung mit Beginn der Ausf\u00fchrung des Vertrags Ihr Widerrufsrecht verlieren,<\/li>\n<\/ol>\n<p>kann ich Ihnen das eBook gleich nach Erhalt der Zahlung zusenden. F\u00fcr diese Zustimmung und Best\u00e4tigung k\u00f6nnen Sie mir gerne eine <a href=\"mailto:bestellung@efweha-verlag.de?subject=Bestellung%20als%20VerbraucherIn%20Bd.%2003%20DSGVO-Synopse-Artikel-EWG-BDSG&amp;body=Zu%20meiner%20Bestellung%20per%20Vorkasse%20erklaere%20ich,%20dass%20ich%201.%20ausdruecklich%20zustimme,%20dass%20Werner%20Huelsmann%20mit%20der%20Ausfuehrung%20des%20Vertrags%20%28also%20der%20%20Zusendung%20des%20eBooks%29%20vor%20Ablauf%20der%20Widerrufsfrist%20beginnt,%20und%20%20dass%20ich%202.%20best%C3%A4tige,%20dass%20ich%20Kenntnis%20davon%20habe,%20dass%20ich%20durch%20meine%20Zustimmung%20mit%20Beginn%20der%20Ausfuehhrung%20des%20Vertrags%20mein%20Widerrufsrecht%20verliere.\">E-Mail<\/a> senden. Hierf\u00fcr bitte ich um Verst\u00e4ndnis. Danke!<\/p>\n<div class=\"twoclick_social_bookmarks_post_102 social_share_privacy clearfix 1.6.4 locale-de_DE sprite-de_DE\"><\/div><div class=\"twoclick-js\"><script type=\"text\/javascript\">\/* <![CDATA[ *\/\njQuery(document).ready(function($){if($('.twoclick_social_bookmarks_post_102')){$('.twoclick_social_bookmarks_post_102').socialSharePrivacy({\"txt_help\":\"Wenn Sie diese Felder durch einen Klick aktivieren, werden Informationen an Facebook, Twitter, Flattr, Xing, t3n, LinkedIn, Pinterest oder Google eventuell ins Ausland \\u00fcbertragen und unter Umst\\u00e4nden auch dort gespeichert. N\\u00e4heres erfahren Sie durch einen Klick auf das <em>i<\\\/em>.\",\"settings_perma\":\"Dauerhaft aktivieren und Daten\\u00fcber-tragung zustimmen:\",\"info_link\":\"http:\\\/\\\/www.heise.de\\\/ct\\\/artikel\\\/2-Klicks-fuer-mehr-Datenschutz-1333879.html\",\"uri\":\"https:\\\/\\\/efweha-verlag.de\\\/wordpress\\\/verlagsprogramm\\\/datenschutzwissen-praxiserpobt-fuer-unternehmen-gewerbetreibende-selbstaendige\\\/bd-03-dsgvo-synopse-mit-gegenueberstellung-der-artikel-und-erwaegungsgruende-sowie-vergleichbarer-bdsg-regelungen\\\/\",\"post_id\":102,\"post_title_referrer_track\":\"Bd.+03+%26%238211%3B+DSGVO%3A+Synopse+mit+Gegen%C3%BCberstellung+der+Artikel+und+Erw%C3%A4gungsgr%C3%BCnde+sowie+vergleichbarer+Regelungen+des+bis+24.+Mai+2018+g%C3%BCltigem+Bundesdatenschutzgesetz+%28BDSG-alt%29\",\"display_infobox\":\"on\"});}});\n\/* ]]> *\/<\/script><\/div>","protected":false},"excerpt":{"rendered":"<p>Werner H\u00fclsmann, Datenschutzsachverst\u00e4ndiger: Die Europ\u00e4ische Datenschutzgrundverordnung &#8211; DSGVO Eine Synopse der Artikel und der Erw\u00e4gungsgr\u00fcnde der DGSVO mit den vergleichbaren Regelungen des alten bis zum 24. Mai 2018 geltenden Bundesdatenschutzgesetz (BDSG-alt) In dieser Synopse der ab 25. Mai 2018 geltenden &hellip; <a href=\"https:\/\/efweha-verlag.de\/wordpress\/verlagsprogramm\/datenschutzwissen-praxiserpobt-fuer-unternehmen-gewerbetreibende-selbstaendige\/bd-03-dsgvo-synopse-mit-gegenueberstellung-der-artikel-und-erwaegungsgruende-sowie-vergleichbarer-bdsg-regelungen\/\">Weiterlesen <span class=\"meta-nav\">&rarr;<\/span><\/a><\/p>\n","protected":false},"author":1,"featured_media":0,"parent":58,"menu_order":3,"comment_status":"closed","ping_status":"closed","template":"","meta":{"footnotes":""},"class_list":["post-102","page","type-page","status-publish","hentry"],"_links":{"self":[{"href":"https:\/\/efweha-verlag.de\/wordpress\/wp-json\/wp\/v2\/pages\/102","targetHints":{"allow":["GET"]}}],"collection":[{"href":"https:\/\/efweha-verlag.de\/wordpress\/wp-json\/wp\/v2\/pages"}],"about":[{"href":"https:\/\/efweha-verlag.de\/wordpress\/wp-json\/wp\/v2\/types\/page"}],"author":[{"embeddable":true,"href":"https:\/\/efweha-verlag.de\/wordpress\/wp-json\/wp\/v2\/users\/1"}],"replies":[{"embeddable":true,"href":"https:\/\/efweha-verlag.de\/wordpress\/wp-json\/wp\/v2\/comments?post=102"}],"version-history":[{"count":23,"href":"https:\/\/efweha-verlag.de\/wordpress\/wp-json\/wp\/v2\/pages\/102\/revisions"}],"predecessor-version":[{"id":532,"href":"https:\/\/efweha-verlag.de\/wordpress\/wp-json\/wp\/v2\/pages\/102\/revisions\/532"}],"up":[{"embeddable":true,"href":"https:\/\/efweha-verlag.de\/wordpress\/wp-json\/wp\/v2\/pages\/58"}],"wp:attachment":[{"href":"https:\/\/efweha-verlag.de\/wordpress\/wp-json\/wp\/v2\/media?parent=102"}],"curies":[{"name":"wp","href":"https:\/\/api.w.org\/{rel}","templated":true}]}}