{"id":117,"date":"2016-05-24T20:31:57","date_gmt":"2016-05-24T18:31:57","guid":{"rendered":"https:\/\/efweha-verlag.de\/wordpress\/?page_id=117"},"modified":"2016-05-25T00:03:20","modified_gmt":"2016-05-24T22:03:20","slug":"werner-huelsmann-datenschutzsachverstaendiger","status":"publish","type":"page","link":"https:\/\/efweha-verlag.de\/wordpress\/autor_innen\/werner-huelsmann-datenschutzsachverstaendiger\/","title":{"rendered":"Werner H\u00fclsmann, Datenschutzsachverst\u00e4ndiger"},"content":{"rendered":"<h2>Diplom-Informatiker <a href=\"https:\/\/efweha-verlag.de\/wordpress\/wp-content\/uploads\/2016\/05\/Vita-Werner_Huelsmann-2016.pdf\" target=\"_blank\">Werner H\u00fclsmann<\/a><\/h2>\n<p>Jahrgang 1961<\/p>\n<h3>Beruflicher Werdegang<\/h3>\n<ul>\n<li>\n<div id=\"attachment_118\" style=\"width: 143px\" class=\"wp-caption alignright\"><a href=\"http:\/\/goslar-institut.de\/\"><img loading=\"lazy\" decoding=\"async\" aria-describedby=\"caption-attachment-118\" class=\"size-full wp-image-118\" src=\"https:\/\/efweha-verlag.de\/wordpress\/wp-content\/uploads\/2016\/05\/2016-01-28-Goslar_Institut-Web.jpg\" alt=\"Werner H\u00fclsmann\" width=\"133\" height=\"200\" \/><\/a><p id=\"caption-attachment-118\" class=\"wp-caption-text\">\u00a9 http:\/\/goslar-institut.de\/<\/p><\/div>\n<p>1982 \u2013 1988: Studium der Informatik an der TU Darmstadt Schwerpunkt Datenschutzrecht<\/li>\n<li>1988 \u2013 1991: Softwareentwickler bei der Telenorma GmbH, Frankfurt (Main)<\/li>\n<li>1992 \u2013 1999: Wissenschaftlicher Mitarbeiter und Referatsleiter Technik beim Landesbeauftragten f\u00fcr den Datenschutz der Freien Hansestadt Bremen<\/li>\n<li>1999 \u2013 2001: Datenschutz- und Technologieberatung bei ForBIT e.V. in Hamburg<\/li>\n<li>Seit 1999: Inhaber der Firma IT-SEC-Consult.de &#8211; Datenschutz- und IT-Sicherheitsberatung \u2013 jetzt <a href=\"https:\/\/efweha-verlag.de\/wordpress\/impressum\/\"><img loading=\"lazy\" decoding=\"async\" class=\"alignnone size-full wp-image-74\" src=\"https:\/\/efweha-verlag.de\/wordpress\/wp-content\/uploads\/2016\/05\/efweha-verlag-externer-link.gif\" alt=\"efweha-verlag-externer-link\" width=\"15\" height=\"12\" \/><\/a><a href=\"http:\/\/www.datenschutzconsulting.info\" target=\"_blank\">Datenschutzconsulting<\/a><\/li>\n<li>2001 \u2013 2003: Projektmanager Dataprotection bei der Telegate AG (Martinsried)<\/li>\n<li>2004 \u2013 2015: Kooperationspartner des virtuellen Datenschutzb\u00fcros<\/li>\n<li>2004: Gr\u00fcndung von\u00a0 <a href=\"https:\/\/efweha-verlag.de\/wordpress\/impressum\/\"><img loading=\"lazy\" decoding=\"async\" class=\"alignnone size-full wp-image-74\" src=\"https:\/\/efweha-verlag.de\/wordpress\/wp-content\/uploads\/2016\/05\/efweha-verlag-externer-link.gif\" alt=\"efweha-verlag-externer-link\" width=\"15\" height=\"12\" \/><\/a><a href=\"http:\/\/datenschutzwissen.de\" target=\"_blank\">Datenschutzwissen.de<\/a> \u2013 Organisation und Leitung\u00a0 von Datenschutzseminaren<\/li>\n<li>seit 2004: selbst\u00e4ndiger externer Datenschutzberater und externer Datenschutz-beauftragter bei diversen Unternehmen unterschiedlicher Gr\u00f6\u00dfe aus ver-schiedenen Branchen mit z.T. im internationalen Umfeld<\/li>\n<li>Seit 2004\u00a0 beim Unabh\u00e4ngigen Landeszentrum f\u00fcr Datenschutz Schleswig-Holstein anerkannter Sachverst\u00e4ndiger f\u00fcr IT-Produkte (rechtlich\/technisch)<\/li>\n<li>seit 2010\u00a0 Ankreditierung als \u201eExpert for legal and technical evaluations for the\u00a0 European Privacy Seal\u201c (<a href=\"https:\/\/efweha-verlag.de\/wordpress\/impressum\/\"><img loading=\"lazy\" decoding=\"async\" class=\"alignnone size-full wp-image-74\" src=\"https:\/\/efweha-verlag.de\/wordpress\/wp-content\/uploads\/2016\/05\/efweha-verlag-externer-link.gif\" alt=\"efweha-verlag-externer-link\" width=\"15\" height=\"12\" \/><\/a><a href=\"https:\/\/www.european-privacy-seal.eu\/\" target=\"_blank\">EuroPriSe<\/a>)<\/li>\n<\/ul>\n<h3>Ehrenamtlich<\/h3>\n<ul>\n<li>1993 \u2013 2009\u00a0\u00a0 \u00a0Vorstandsmitglied des Forums InformatikerInnen f\u00fcr Frieden und gesellschaftliche Verantwortung <a href=\"https:\/\/efweha-verlag.de\/wordpress\/impressum\/\"><img loading=\"lazy\" decoding=\"async\" class=\"alignnone size-full wp-image-74\" src=\"https:\/\/efweha-verlag.de\/wordpress\/wp-content\/uploads\/2016\/05\/efweha-verlag-externer-link.gif\" alt=\"efweha-verlag-externer-link\" width=\"15\" height=\"12\" \/><\/a>(<a href=\"http:\/\/fiff.de\/\" target=\"_blank\">FIfF<\/a>) e.V.<\/li>\n<li>Seit 03\/2010\u00a0\u00a0 \u00a0Mitglied des Beirats des\u00a0 Forums InformatikerInnen f\u00fcr Frieden und gesellschaftliche Verantwortung (<a href=\"https:\/\/efweha-verlag.de\/wordpress\/impressum\/\"><img loading=\"lazy\" decoding=\"async\" class=\"alignnone size-full wp-image-74\" src=\"https:\/\/efweha-verlag.de\/wordpress\/wp-content\/uploads\/2016\/05\/efweha-verlag-externer-link.gif\" alt=\"efweha-verlag-externer-link\" width=\"15\" height=\"12\" \/><\/a><a href=\"http:\/\/fiff.de\/\" target=\"_blank\">FIfF<\/a>) e.V.<\/li>\n<li>2003 \u2013 2009\u00a0und seit 2014 Vorstandsmitglied der Deutschen Vereinigung f\u00fcr Datenschutz <a href=\"https:\/\/www.datenschutzverein.de\/\" target=\"_blank\">(<\/a><a href=\"https:\/\/efweha-verlag.de\/wordpress\/impressum\/\"><img loading=\"lazy\" decoding=\"async\" class=\"alignnone size-full wp-image-74\" src=\"https:\/\/efweha-verlag.de\/wordpress\/wp-content\/uploads\/2016\/05\/efweha-verlag-externer-link.gif\" alt=\"efweha-verlag-externer-link\" width=\"15\" height=\"12\" \/><\/a><a href=\"https:\/\/www.datenschutzverein.de\/\" target=\"_blank\">DVD<\/a>) e.V., Bonn<\/li>\n<\/ul>\n<h3>Ver\u00f6ffentlichungen im EfWeHa-Verlag<\/h3>\n<ul>\n<li><a href=\"http:\/\/efweha-verlag.de\/verlagsprogramm\/datenschutzwissen-praxiserpobt-fuer-unternehmen-gewerbetreibende-selbstaendige\/bd-02-dsgvo-synopse-der-artikel-und-erwaegungsgruende\/\">Band 02:<\/a> Die Europ\u00e4ische Datenschutzgrundverordnung &#8211; DSGVO &#8211; Eine Synopse der Artikel und der Erw\u00e4gungsgr\u00fcnde &#8211; eBook<\/li>\n<li><a href=\"http:\/\/efweha-verlag.de\/verlagsprogramm\/datenschutzwissen-praxiserpobt-fuer-unternehmen-gewerbetreibende-selbstaendige\/bd-03-dsgvo-synopse-mit-gegenueberstellung-der-artikel-und-erwaegungsgruende-sowie-vergleichbarer-bdsg-regelungen\/\">Band 03<\/a>: Die Europ\u00e4ische Datenschutzgrundverordnung &#8211; DSGVO &#8211; Eine Synopse der Artikel und der Erw\u00e4gungsgr\u00fcnde der DGSVO mit den vergleichbaren Regelungen des Bundesdatenschutzgesetz (BDSG) &#8211; eBook<\/li>\n<\/ul>\n<div class=\"twoclick_social_bookmarks_post_117 social_share_privacy clearfix 1.6.4 locale-de_DE sprite-de_DE\"><\/div><div class=\"twoclick-js\"><script type=\"text\/javascript\">\/* <![CDATA[ *\/\njQuery(document).ready(function($){if($('.twoclick_social_bookmarks_post_117')){$('.twoclick_social_bookmarks_post_117').socialSharePrivacy({\"txt_help\":\"Wenn Sie diese Felder durch einen Klick aktivieren, werden Informationen an Facebook, Twitter, Flattr, Xing, t3n, LinkedIn, Pinterest oder Google eventuell ins Ausland \\u00fcbertragen und unter Umst\\u00e4nden auch dort gespeichert. N\\u00e4heres erfahren Sie durch einen Klick auf das <em>i<\\\/em>.\",\"settings_perma\":\"Dauerhaft aktivieren und Daten\\u00fcber-tragung zustimmen:\",\"info_link\":\"http:\\\/\\\/www.heise.de\\\/ct\\\/artikel\\\/2-Klicks-fuer-mehr-Datenschutz-1333879.html\",\"uri\":\"https:\\\/\\\/efweha-verlag.de\\\/wordpress\\\/autor_innen\\\/werner-huelsmann-datenschutzsachverstaendiger\\\/\",\"post_id\":117,\"post_title_referrer_track\":\"Werner+H%C3%BClsmann%2C+Datenschutzsachverst%C3%A4ndiger\",\"display_infobox\":\"on\"});}});\n\/* ]]> *\/<\/script><\/div>","protected":false},"excerpt":{"rendered":"<p>Diplom-Informatiker Werner H\u00fclsmann Jahrgang 1961 Beruflicher Werdegang 1982 \u2013 1988: Studium der Informatik an der TU Darmstadt Schwerpunkt Datenschutzrecht 1988 \u2013 1991: Softwareentwickler bei der Telenorma GmbH, Frankfurt (Main) 1992 \u2013 1999: Wissenschaftlicher Mitarbeiter und Referatsleiter Technik beim Landesbeauftragten f\u00fcr &hellip; <a href=\"https:\/\/efweha-verlag.de\/wordpress\/autor_innen\/werner-huelsmann-datenschutzsachverstaendiger\/\">Weiterlesen <span class=\"meta-nav\">&rarr;<\/span><\/a><\/p>\n","protected":false},"author":1,"featured_media":0,"parent":48,"menu_order":20,"comment_status":"closed","ping_status":"closed","template":"","meta":{"footnotes":""},"class_list":["post-117","page","type-page","status-publish","hentry"],"_links":{"self":[{"href":"https:\/\/efweha-verlag.de\/wordpress\/wp-json\/wp\/v2\/pages\/117","targetHints":{"allow":["GET"]}}],"collection":[{"href":"https:\/\/efweha-verlag.de\/wordpress\/wp-json\/wp\/v2\/pages"}],"about":[{"href":"https:\/\/efweha-verlag.de\/wordpress\/wp-json\/wp\/v2\/types\/page"}],"author":[{"embeddable":true,"href":"https:\/\/efweha-verlag.de\/wordpress\/wp-json\/wp\/v2\/users\/1"}],"replies":[{"embeddable":true,"href":"https:\/\/efweha-verlag.de\/wordpress\/wp-json\/wp\/v2\/comments?post=117"}],"version-history":[{"count":14,"href":"https:\/\/efweha-verlag.de\/wordpress\/wp-json\/wp\/v2\/pages\/117\/revisions"}],"predecessor-version":[{"id":162,"href":"https:\/\/efweha-verlag.de\/wordpress\/wp-json\/wp\/v2\/pages\/117\/revisions\/162"}],"up":[{"embeddable":true,"href":"https:\/\/efweha-verlag.de\/wordpress\/wp-json\/wp\/v2\/pages\/48"}],"wp:attachment":[{"href":"https:\/\/efweha-verlag.de\/wordpress\/wp-json\/wp\/v2\/media?parent=117"}],"curies":[{"name":"wp","href":"https:\/\/api.w.org\/{rel}","templated":true}]}}