{"id":48,"date":"2016-05-24T14:39:03","date_gmt":"2016-05-24T12:39:03","guid":{"rendered":"https:\/\/efweha-verlag.de\/wordpress\/?page_id=48"},"modified":"2016-05-24T23:59:23","modified_gmt":"2016-05-24T21:59:23","slug":"autor_innen","status":"publish","type":"page","link":"https:\/\/efweha-verlag.de\/wordpress\/autor_innen\/","title":{"rendered":"AutorInnen"},"content":{"rendered":"<h1>AutorInnen im EfWeHa-Verlag<\/h1>\n<ul>\n<li><a href=\"http:\/\/efweha-verlag.de\/autoren\/professor-franz-josef-duewell\/\">Professor Franz Josef D\u00fcwell<\/a><\/li>\n<li><a href=\"http:\/\/efweha-verlag.de\/autor_innen\/werner-huelsmann-datenschutzsachverstaendiger\/\">Werner H\u00fclsmann<\/a>, Datenschutzsachverst\u00e4ndiger<\/li>\n<\/ul>\n<h2>Sie wollen ein Buch im Bereich Datenschutz ver\u00f6ffentlichen?<\/h2>\n<p>Wenn Sie als AutorIn ein Buch im Bereich Datenschutz ver\u00f6ffentlichen wollen, nehmen Sie gerne mit uns <a href=\"http:\/\/efweha-verlag.de\/kontakt\/\">Kontakt<\/a> auf. Wenn Ihr Werk in eine unserer Reihen passt, k\u00f6nnen wir gerne \u00fcber die Modalit\u00e4ten zur Ver\u00f6ffentlichung sprechen.<\/p>\n<div class=\"twoclick_social_bookmarks_post_48 social_share_privacy clearfix 1.6.4 locale-de_DE sprite-de_DE\"><\/div><div class=\"twoclick-js\"><script type=\"text\/javascript\">\/* <![CDATA[ *\/\njQuery(document).ready(function($){if($('.twoclick_social_bookmarks_post_48')){$('.twoclick_social_bookmarks_post_48').socialSharePrivacy({\"txt_help\":\"Wenn Sie diese Felder durch einen Klick aktivieren, werden Informationen an Facebook, Twitter, Flattr, Xing, t3n, LinkedIn, Pinterest oder Google eventuell ins Ausland \\u00fcbertragen und unter Umst\\u00e4nden auch dort gespeichert. N\\u00e4heres erfahren Sie durch einen Klick auf das <em>i<\\\/em>.\",\"settings_perma\":\"Dauerhaft aktivieren und Daten\\u00fcber-tragung zustimmen:\",\"info_link\":\"http:\\\/\\\/www.heise.de\\\/ct\\\/artikel\\\/2-Klicks-fuer-mehr-Datenschutz-1333879.html\",\"uri\":\"https:\\\/\\\/efweha-verlag.de\\\/wordpress\\\/autor_innen\\\/\",\"post_id\":48,\"post_title_referrer_track\":\"AutorInnen\",\"display_infobox\":\"on\"});}});\n\/* ]]> *\/<\/script><\/div>","protected":false},"excerpt":{"rendered":"<p>AutorInnen im EfWeHa-Verlag Professor Franz Josef D\u00fcwell Werner H\u00fclsmann, Datenschutzsachverst\u00e4ndiger Sie wollen ein Buch im Bereich Datenschutz ver\u00f6ffentlichen? Wenn Sie als AutorIn ein Buch im Bereich Datenschutz ver\u00f6ffentlichen wollen, nehmen Sie gerne mit uns Kontakt auf. Wenn Ihr Werk in &hellip; <a href=\"https:\/\/efweha-verlag.de\/wordpress\/autor_innen\/\">Weiterlesen <span class=\"meta-nav\">&rarr;<\/span><\/a><\/p>\n","protected":false},"author":1,"featured_media":0,"parent":0,"menu_order":50,"comment_status":"closed","ping_status":"closed","template":"","meta":{"footnotes":""},"class_list":["post-48","page","type-page","status-publish","hentry"],"_links":{"self":[{"href":"https:\/\/efweha-verlag.de\/wordpress\/wp-json\/wp\/v2\/pages\/48","targetHints":{"allow":["GET"]}}],"collection":[{"href":"https:\/\/efweha-verlag.de\/wordpress\/wp-json\/wp\/v2\/pages"}],"about":[{"href":"https:\/\/efweha-verlag.de\/wordpress\/wp-json\/wp\/v2\/types\/page"}],"author":[{"embeddable":true,"href":"https:\/\/efweha-verlag.de\/wordpress\/wp-json\/wp\/v2\/users\/1"}],"replies":[{"embeddable":true,"href":"https:\/\/efweha-verlag.de\/wordpress\/wp-json\/wp\/v2\/comments?post=48"}],"version-history":[{"count":5,"href":"https:\/\/efweha-verlag.de\/wordpress\/wp-json\/wp\/v2\/pages\/48\/revisions"}],"predecessor-version":[{"id":160,"href":"https:\/\/efweha-verlag.de\/wordpress\/wp-json\/wp\/v2\/pages\/48\/revisions\/160"}],"wp:attachment":[{"href":"https:\/\/efweha-verlag.de\/wordpress\/wp-json\/wp\/v2\/media?parent=48"}],"curies":[{"name":"wp","href":"https:\/\/api.w.org\/{rel}","templated":true}]}}

<h1>AutorInnen im EfWeHa-Verlag</h1>
<ul>
<li><a href="http://efweha-verlag.de/autoren/professor-franz-josef-duewell/">Professor Franz Josef Düwell</a></li>
<li><a href="http://efweha-verlag.de/autor_innen/werner-huelsmann-datenschutzsachverstaendiger/">Werner Hülsmann</a>, Datenschutzsachverständiger</li>
</ul>
<h2>Sie wollen ein Buch im Bereich Datenschutz veröffentlichen?</h2>
<p>Wenn Sie als AutorIn ein Buch im Bereich Datenschutz veröffentlichen wollen, nehmen Sie gerne mit uns <a href="http://efweha-verlag.de/kontakt/">Kontakt</a> auf. Wenn Ihr Werk in eine unserer Reihen passt, können wir gerne über die Modalitäten zur Veröffentlichung sprechen.</p>
<div class="twoclick_social_bookmarks_post_48 social_share_privacy clearfix 1.6.4 locale-de_DE sprite-de_DE"></div><div class="twoclick-js"><script type="text/javascript">/* <![CDATA[ */
jQuery(document).ready(function($){if($('.twoclick_social_bookmarks_post_48')){$('.twoclick_social_bookmarks_post_48').socialSharePrivacy({"txt_help":"Wenn Sie diese Felder durch einen Klick aktivieren, werden Informationen an Facebook, Twitter, Flattr, Xing, t3n, LinkedIn, Pinterest oder Google eventuell ins Ausland \u00fcbertragen und unter Umst\u00e4nden auch dort gespeichert. N\u00e4heres erfahren Sie durch einen Klick auf das <em>i<\/em>.","settings_perma":"Dauerhaft aktivieren und Daten\u00fcber-tragung zustimmen:","info_link":"http:\/\/www.heise.de\/ct\/artikel\/2-Klicks-fuer-mehr-Datenschutz-1333879.html","uri":"https:\/\/efweha-verlag.de\/wordpress\/autor_innen\/","post_id":48,"post_title_referrer_track":"AutorInnen","display_infobox":"on"});}});
/* ]]> */</script></div>

<p>AutorInnen im EfWeHa-Verlag Professor Franz Josef Düwell Werner Hülsmann, Datenschutzsachverständiger Sie wollen ein Buch im Bereich Datenschutz veröffentlichen? Wenn Sie als AutorIn ein Buch im Bereich Datenschutz veröffentlichen wollen, nehmen Sie gerne mit uns Kontakt auf. Wenn Ihr Werk in &hellip; <a href="https://efweha-verlag.de/wordpress/autor_innen/">Weiterlesen <span class="meta-nav">&rarr;</span></a></p>
