{"id":58,"date":"2016-05-24T18:50:19","date_gmt":"2016-05-24T16:50:19","guid":{"rendered":"https:\/\/efweha-verlag.de\/wordpress\/?page_id=58"},"modified":"2026-03-24T19:55:42","modified_gmt":"2026-03-24T17:55:42","slug":"datenschutzwissen-praxiserpobt-fuer-unternehmen-gewerbetreibende-selbstaendige","status":"publish","type":"page","link":"https:\/\/efweha-verlag.de\/wordpress\/verlagsprogramm\/datenschutzwissen-praxiserpobt-fuer-unternehmen-gewerbetreibende-selbstaendige\/","title":{"rendered":"Datenschutzwissen &#8211; praxiserpobt &#8211; f\u00fcr Unternehmen, Gewerbetreibende &#038; Selbst\u00e4ndige"},"content":{"rendered":"<p class=\"x97\"><span style=\"font-size: medium;\">Diese Reihe richtet sich an in erster Linie an Selbst\u00e4ndige, EinzelunternehmerInnen, FreiberuflerInnen, kleine, mittelst\u00e4ndische und gro\u00dfe Unternehmen, Vereine und andere Institutionen sowie an deren betriebliche Datenschutzbeauftragte und DatenschutzkoordinatorInnen. Einige Titel sind f\u00fcr alle Zielgruppen unf Branchen relevant, andere (vorgesehene) Titel zu speziellen Themen nur f\u00fcr die jeweiligen betroffenen Zielgruppen bzw. Branchen. Die Liste der Titel wird regelm\u00e4\u00dfig erg\u00e4nzt.<\/span><\/p>\n<h2 class=\"h2x97\">Liste der verf\u00fcgbaren Titel:<\/h2>\n<ul>\n<li><strong>Band 02:<\/strong> <em>Werner H\u00fclsmann, Datenschutzsachverst\u00e4ndiger:<\/em> <a href=\"https:\/\/efweha-verlag.de\/verlagsprogramm\/datenschutzwissen-praxiserpobt-fuer-unternehmen-gewerbetreibende-selbstaendige\/bd-02-dsgvo-synopse-der-artikel-und-erwaegungsgruende\/\">Die Europ\u00e4ische Datenschutzgrundverordnung &#8211; DSGVO &#8211; Eine Synopse der Artikel und der Erw\u00e4gungsgr\u00fcnde &#8211; eBook<\/a><\/li>\n<li><strong>Band 03:<\/strong> <em>Werner H\u00fclsmann, Datenschutzsachverst\u00e4ndiger:<\/em> <a href=\"https:\/\/efweha-verlag.de\/verlagsprogramm\/datenschutzwissen-praxiserpobt-fuer-unternehmen-gewerbetreibende-selbstaendige\/bd-03-dsgvo-synopse-mit-gegenueberstellung-der-artikel-und-erwaegungsgruende-sowie-vergleichbarer-bdsg-regelungen\/\">Die Europ\u00e4ische Datenschutzgrundverordnung &#8211; DSGVO &#8211; Eine Synopse der Artikel und der Erw\u00e4gungsgr\u00fcnde der DGSVO mit den vergleichbaren Regelungen des Bundesdatenschutzgesetz (BDSG) &#8211; eBook<\/a><\/li>\n<li><strong>Band 4.0:<\/strong> <em>Werner H\u00fclsmann, Datenschutzsachverst\u00e4ndiger:<\/em> <a href=\"https:\/\/efweha-verlag.de\/verlagsprogramm\/datenschutzwissen-praxiserpobt-fuer-unternehmen-gewerbetreibende-selbstaendige\/bd-4-1-dsgvo-synopse-mit-gegenueberstellung-der-artikel-und-erwaegungsgruende-sowie-entsprechenden-regelungen-des-neuen-bdsg\/\">Die Europ\u00e4ische Datenschutzgrundverordnung &#8211; DSGVO &#8211; Eine Synopse der Artikel und der Erw\u00e4gungsgr\u00fcnde der DGSVO mit den vergleichbaren Regelungen des neuen Bundesdatenschutzgesetz (BDSG-neu) &#8211; eBook<\/a><\/li>\n<li><strong>Band 4.1:<\/strong> <em>Werner H\u00fclsmann, Datenschutzsachverst\u00e4ndiger:<\/em> <a href=\"https:\/\/efweha-verlag.de\/verlagsprogramm\/datenschutzwissen-praxiserpobt-fuer-unternehmen-gewerbetreibende-selbstaendige\/bd-4-1-dsgvo-synopse-mit-gegenueberstellung-der-artikel-und-erwaegungsgruende-sowie-entsprechenden-regelungen-des-neuen-bdsg\/\">Die Europ\u00e4ische Datenschutzgrundverordnung &#8211; DSGVO &#8211; Eine Synopse der Artikel und der Erw\u00e4gungsgr\u00fcnde der DGSVO mit den vergleichbaren Regelungen des neuen Bundesdatenschutzgesetz (BDSG-neu) &#8211; <em><strong>eBook<\/strong><\/em><\/a><\/li>\n<li><strong>Band 4.3:<\/strong> <em>Werner H\u00fclsmann, Datenschutzsachverst\u00e4ndiger:<\/em> <a href=\"https:\/\/efweha-verlag.de\/wordpress\/eu-digitaler-omnibus-synopse-mit-geplanten-aenderungen-erstellt\/\">Die Europ\u00e4ische Datenschutzgrundverordnung &#8211; DSGVO &#8211; Eine Synopse der Artikel und der Erw\u00e4gungsgr\u00fcnde der DGSVO und der geplanten \u00c4nderungen durch den EU-Digital-Omnibus &#8211; <em><strong>eBook<\/strong><\/em><\/a><\/li>\n<li><strong>Band 20:<\/strong> <em>Professor Franz Josef D\u00fcwell, Vorsitzender Richter am Bundesarbeitsgericht a.D.: <\/em><a href=\"https:\/\/efweha-verlag.de\/verlagsprogramm\/datenschutzwissen-praxiserpobt-fuer-unternehmen-gewerbetreibende-selbstaendige\/bd-20-beschaeftigtendatenschutz-im-fokus-der-rechtsprechung-des-bundesarbeitsgerichts-und-des-bundesverwaltungsgerichts\/\">Besch\u00e4ftigtendatenschutz im Fokus der Rechtsprechung des Bundesarbeitsgerichts und des Bundesverwaltungsgerichts\u00a0&#8211; Der Auftrag des Gesetzgebers und der Beitrag der Gerichte<\/a><\/li>\n<li><strong>Band 50:<\/strong> <em>Werner H\u00fclsmann, Datenschutzsachverst\u00e4ndiger:<\/em> <a href=\"https:\/\/efweha-verlag.de\/verlagsprogramm\/datenschutzwissen-praxiserpobt-fuer-unternehmen-gewerbetreibende-selbstaendige\/bd-50-das-cookie-urteil-des-eugh-vom-01-10-2019-stellungnahme-und-empfehlungen\/\">Das &#8222;Cookie-Urteil&#8220; des EuGH vom 01.10.2019 &#8211; Stellungnahme und Empfehlungen<\/a>\n<ul>\n<li><strong>absofort bestellbar \u00fcber <a href=\"https:\/\/efweha-verlag.de\/impressum\/\"><img loading=\"lazy\" decoding=\"async\" class=\"alignnone size-full wp-image-74\" src=\"https:\/\/efweha-verlag.de\/wordpress\/wp-content\/uploads\/2016\/05\/efweha-verlag-externer-link.gif\" alt=\"Externer Link\" width=\"15\" height=\"12\" \/><\/a>\u00a0<\/strong><a href=\"https:\/\/www.digistore24.com\/product\/289656\" target=\"_blank\" rel=\"noopener noreferrer\"><strong>https:\/\/www.digistore24.com\/product\/289656<\/strong><\/a><\/li>\n<\/ul>\n<\/li>\n<\/ul>\n<p class=\"x97\">\u00a0<span style=\"font-size: large;\">Hier geht es zur <\/span><a class=\"x97\" href=\"http:\/\/efweha-verlag.de\/bestellung\/\"><span style=\"font-size: large;\"><strong>Bestellung<\/strong><\/span><\/a><span style=\"font-size: large;\"> (oder direkt zum <\/span><a class=\"x97\" href=\"https:\/\/efweha-verlag.de\/bestellen\" target=\"_blank\" rel=\"noopener noreferrer\"><span style=\"font-size: large;\"><strong>Bestellformular<\/strong><\/span><\/a><span style=\"font-size: large;\">)<\/span><\/p>\n<h2 class=\"h2x97\">\u00a0Liste der Titel, die in Arbeit sind (z.T. Arbeitstitel)<\/h2>\n<ul>\n<li><span style=\"font-size: medium;\"><span style=\"font-size: medium;\"><strong>Band 01:<\/strong> <em>Werner H\u00fclsmann:<\/em> Was jedes Unternehmen &#8211; unabh\u00e4ngig von der Gr\u00f6\u00dfe &#8211; \u00fcber den Datenschutz wissen muss &#8211; Unter Ber\u00fccksichtigung der Europ\u00e4ischen Datenschutzgrundverordnung<br \/>\n<\/span><\/span><\/li>\n<li><span style=\"font-size: medium;\"><span style=\"font-size: medium;\"><strong>Band 10:<\/strong> <em>Werner H\u00fclsmann:<\/em> Datenschutzkonformes Direktmarketing &#8211; Rechtliche Grundlagen und deren praxiserprobte Umsetzung unter Ber\u00fccksichtigung der EU-ePrivacy-Verordnung (EU-ePrivVO)<\/span><br \/>\n<\/span><\/li>\n<\/ul>\n<div class=\"twoclick_social_bookmarks_post_58 social_share_privacy clearfix 1.6.4 locale-de_DE sprite-de_DE\"><\/div><div class=\"twoclick-js\"><script type=\"text\/javascript\">\/* <![CDATA[ *\/\njQuery(document).ready(function($){if($('.twoclick_social_bookmarks_post_58')){$('.twoclick_social_bookmarks_post_58').socialSharePrivacy({\"txt_help\":\"Wenn Sie diese Felder durch einen Klick aktivieren, werden Informationen an Facebook, Twitter, Flattr, Xing, t3n, LinkedIn, Pinterest oder Google eventuell ins Ausland \\u00fcbertragen und unter Umst\\u00e4nden auch dort gespeichert. N\\u00e4heres erfahren Sie durch einen Klick auf das <em>i<\\\/em>.\",\"settings_perma\":\"Dauerhaft aktivieren und Daten\\u00fcber-tragung zustimmen:\",\"info_link\":\"http:\\\/\\\/www.heise.de\\\/ct\\\/artikel\\\/2-Klicks-fuer-mehr-Datenschutz-1333879.html\",\"uri\":\"https:\\\/\\\/efweha-verlag.de\\\/wordpress\\\/verlagsprogramm\\\/datenschutzwissen-praxiserpobt-fuer-unternehmen-gewerbetreibende-selbstaendige\\\/\",\"post_id\":58,\"post_title_referrer_track\":\"Datenschutzwissen+%26%238211%3B+praxiserpobt+%26%238211%3B+f%C3%BCr+Unternehmen%2C+Gewerbetreibende+%26%23038%3B+Selbst%C3%A4ndige\",\"display_infobox\":\"on\"});}});\n\/* ]]> *\/<\/script><\/div>","protected":false},"excerpt":{"rendered":"<p>Diese Reihe richtet sich an in erster Linie an Selbst\u00e4ndige, EinzelunternehmerInnen, FreiberuflerInnen, kleine, mittelst\u00e4ndische und gro\u00dfe Unternehmen, Vereine und andere Institutionen sowie an deren betriebliche Datenschutzbeauftragte und DatenschutzkoordinatorInnen. Einige Titel sind f\u00fcr alle Zielgruppen unf Branchen relevant, andere (vorgesehene) Titel &hellip; <a href=\"https:\/\/efweha-verlag.de\/wordpress\/verlagsprogramm\/datenschutzwissen-praxiserpobt-fuer-unternehmen-gewerbetreibende-selbstaendige\/\">Weiterlesen <span class=\"meta-nav\">&rarr;<\/span><\/a><\/p>\n","protected":false},"author":1,"featured_media":0,"parent":26,"menu_order":10,"comment_status":"closed","ping_status":"closed","template":"","meta":{"footnotes":""},"class_list":["post-58","page","type-page","status-publish","hentry"],"_links":{"self":[{"href":"https:\/\/efweha-verlag.de\/wordpress\/wp-json\/wp\/v2\/pages\/58","targetHints":{"allow":["GET"]}}],"collection":[{"href":"https:\/\/efweha-verlag.de\/wordpress\/wp-json\/wp\/v2\/pages"}],"about":[{"href":"https:\/\/efweha-verlag.de\/wordpress\/wp-json\/wp\/v2\/types\/page"}],"author":[{"embeddable":true,"href":"https:\/\/efweha-verlag.de\/wordpress\/wp-json\/wp\/v2\/users\/1"}],"replies":[{"embeddable":true,"href":"https:\/\/efweha-verlag.de\/wordpress\/wp-json\/wp\/v2\/comments?post=58"}],"version-history":[{"count":18,"href":"https:\/\/efweha-verlag.de\/wordpress\/wp-json\/wp\/v2\/pages\/58\/revisions"}],"predecessor-version":[{"id":538,"href":"https:\/\/efweha-verlag.de\/wordpress\/wp-json\/wp\/v2\/pages\/58\/revisions\/538"}],"up":[{"embeddable":true,"href":"https:\/\/efweha-verlag.de\/wordpress\/wp-json\/wp\/v2\/pages\/26"}],"wp:attachment":[{"href":"https:\/\/efweha-verlag.de\/wordpress\/wp-json\/wp\/v2\/media?parent=58"}],"curies":[{"name":"wp","href":"https:\/\/api.w.org\/{rel}","templated":true}]}}